Suppose b + 20 = 3*b - 2*x, 3*b + 10 = -5*x. Suppose -b*y + 10 = 2*g - 1, -3*g + 29 = 5*y. Calculate the remainder when 68 is divided by g.
14
Let g be (-4)/(0 + -4) - (-1 - 2). Suppose -4*q + 10 = -6, -3*c = g*q - 70. Calculate the remainder when 71 is divided by c.
17
Let s = 1109 + -589. Calculate the remainder when s is divided by 21.
16
Let r(h) = -h - 15 + 5 + 7 + 3*h. Let g be 8/12*1*6. Calculate the remainder when r(g) is divided by 3.
2
Suppose 10*c - 20 = 190. Calculate the remainder when 70 is divided by c.
7
Let b be 5*23*(-2 + 4). Suppose 4*l - 5*g - b = -l, 5*l - 228 = 4*g. What is the remainder when l is divided by (3 - (-9)/(-5))*(114 + -4)/11?
8
Let r(n) = -17*n - 14. Let b be r(-7). Suppose h = -6*h + b. Calculate the remainder when h is divided by (-3)/2*(-12)/2.
6
Let y(v) = 2*v**3 + 72*v**2 + 1. Let l = 6 - 4. Calculate the remainder when l is divided by y(-36).
0
Let t be (-996)/(-33) - (5 - 265/55). Suppose -v - 9 = -4*v, 22 = 5*q + 4*v. Suppose 0 = 7*s - q*s - t. Calculate the remainder when 23 is divided by s.
5
Let r = 134 - 98. What is the remainder when 322 is divided by r?
34
Suppose -3*x - 13 + 103 = 0. Let y(m) = -10*m + 1. Let k = -9 - -8. Calculate the remainder when x is divided by y(k).
8
Let p = 53 + -54. Let n(d) = 4*d - 3. What is the remainder when (-12)/4 - 54/p is divided by n(4)?
12
Let l(q) = -12*q + 7. Suppose 12 = 2*y + 24. Calculate the remainder when l(y) is divided by 204/10 + (-2)/5.
19
Suppose 5*m - 134 = -4*n - 21, n - 3*m = 24. Let h = -72 - -206. Calculate the remainder when h is divided by n.
26
Let v(l) = -16*l - 4. Let x be v(-4). Suppose -4*q = q - x. Calculate the remainder when 8 + -4 - (0 - (51 - 9)) is divided by q.
10
Suppose -45*y = 3*a - 48*y - 75, 0 = 2*a + 2*y - 46. What is the remainder when a is divided by 17?
7
Suppose 8*x - 5*x = -3*t + 48, -3 = -t. Calculate the remainder when 129 is divided by x.
12
Let v(h) = -2*h**2 - 21*h - 13. Let r be v(-10). Let u(x) = 3*x**2 + 6*x + 11. Calculate the remainder when 136 is divided by u(r).
16
Suppose -2*s + 7 = 2*l - 3, -5*l - 23 = -s. What is the remainder when 190 is divided by s?
6
Suppose 2*o - 2*x = 134, -x + 4 = -2*x. Let f = -41 + o. What is the remainder when 107 is divided by f?
19
Let k be ((-1591)/111)/(-1 - (-10)/9). Let u = k - -212. Calculate the remainder when u is divided by 21.
20
Let u be -3 + (3 - 1) - 2. Let b(c) = -c**2 - c. Let y be b(u). Calculate the remainder when 7 is divided by ((-3)/(-2))/(y/(-12)).
1
What is the remainder when 36 - 1*2/4*2 is divided by 20?
15
Suppose 4*l + 4*s - 88 = 0, -33 = 3*s - 45. What is the remainder when 608 is divided by l?
14
Let g = -368 - -428. Calculate the remainder when g is divided by 17.
9
Suppose -8132 = 86*w - 34362. What is the remainder when w is divided by 24?
17
Let d = 155 - 151. Calculate the remainder when (1 - (d - 105)) + -2 is divided by 26.
22
Let j(b) = b**3 - 34*b**2 - 32*b - 22. What is the remainder when 303 is divided by j(35)?
54
Suppose 5*o - z = 21, 5*z + 5 = 5*o - 0*z. Let n = 7 - o. Let r(d) = d**2 - 18*d + 33. What is the remainder when n is divided by r(16)?
0
Let b(x) = -x**2 - 16*x - 52. Let g = -18 - -10. Let m(l) = -2*l - 9. What is the remainder when m(g) is divided by b(-5)?
1
Suppose -6*n + 12 = -3*n. Suppose -54 - 10 = -n*i. Calculate the remainder when 74 is divided by i.
10
Suppose 2*w = -3*j + 24, 9*w - 5*w - 4 = 5*j. Calculate the remainder when 94 is divided by w.
4
Suppose 0 = 4*f - 47 - 25. Let t(g) = -g**3 + 19*g**2 - 17*g + 3. What is the remainder when 29 is divided by t(f)?
8
Let x(g) = -3*g**2 + 73*g - 6. Calculate the remainder when x(5) is divided by 32.
28
Suppose 5*c + 3*q = 6565 + 657, 4*q - 4331 = -3*c. What is the remainder when c is divided by 8?
5
Let g(p) = p**3 + 6*p**2 + p - 6. Calculate the remainder when -6 + (-3570)/(-49) + (-48)/56 is divided by g(-5).
10
Suppose 0 = -2*v + 5*v - 18. Suppose 12 = v*u - 2*u. Calculate the remainder when 6 is divided by u.
0
Let d(w) = -w + 1. Suppose -6*c + 2*c + 8 = 0, -f = -4*c + 13. Calculate the remainder when d(f) is divided by 4.
2
Let a = 21 + -56. Let h = 40 + a. Calculate the remainder when 23 is divided by h.
3
Let u(z) = z**3 + 13*z**2 - z - 8. Let g be u(-13). Let f = g + 10. What is the remainder when 41 is divided by f?
11
Let m(y) = -3*y - 4. Let f be m(-1). What is the remainder when 21 is divided by ((-4)/((-16)/(-20)))/f?
1
Let l = -85 + 127. Let b(m) = -53*m - 307. What is the remainder when l is divided by b(-6)?
9
Let g(b) = 17 + b + 5 - 3*b**2 + 2*b**2. What is the remainder when g(0) is divided by 5?
2
Let j(l) = 14*l - 2. Let t be j(-3). Let n = 103 + t. Calculate the remainder when n is divided by (456/247)/(4/26).
11
Let r = 275 + -168. What is the remainder when r is divided by 22?
19
Let m(x) = 69*x - 13. Calculate the remainder when m(1) is divided by 20.
16
Let d = -8 - 14. Let v(h) = -3*h - 37. Let o = -18 + 28. Calculate the remainder when v(d) is divided by o.
9
Let j(t) = 19*t**2 - 4*t + 2. Let x be j(2). Let u = 101 - x. Calculate the remainder when u is divided by 18.
13
Suppose 0 = 9*o - 4388 - 643. What is the remainder when o is divided by 47?
42
Suppose -7 = -a + 8. Calculate the remainder when 1 - -61 - (-505)/(-101) is divided by a.
12
Suppose -4*t + 3*t - i = 2, 3*t + i = 2. Suppose -f + t*f = 44. What is the remainder when f is divided by (-15)/2*4/(-2)?
14
Let n = 115 + -74. Suppose 80 = 3*r + n. Calculate the remainder when 22 is divided by r.
9
Calculate the remainder when 1889/6 + 2/96*8 is divided by 67.
47
Let x = -355 - -460. What is the remainder when 417 is divided by x?
102
Let v(k) = k**3 - 14*k**2 + k + 13. Let r be v(14). Let a = -3 + r. Calculate the remainder when a is divided by -18*((-6)/(-4) - 2).
6
Let n(j) = -j**3 + 16*j**2 - 26*j - 10. Suppose 5*q + s + 23 - 89 = 0, -3*q = -s - 46. Suppose 3*v - v = q. What is the remainder when n(14) is divided by v?
4
Let x = -30 + 30. Calculate the remainder when 31 is divided by 11*1 + 4/20*x.
9
Let q(r) = 10*r - 89. Let w be q(9). Let c(n) = -5*n - 1. What is the remainder when c(-6) is divided by (-94)/(-16) + w/8?
5
Calculate the remainder when 274 is divided by (-22)/3*(15 - 12)*-1.
10
Let i(m) = m**3 + 7*m**2 - 27*m - 110. What is the remainder when i(-6) is divided by 20?
8
Suppose 91 = -18*j + 17*j. Let r = j - -127. Calculate the remainder when -2*r/(-8)*1 is divided by 5.
4
Let p be 2 + 23 - (-1 - -3). Let a = p + -16. Calculate the remainder when 18 is divided by a.
4
Suppose 0*x = -3*x + 9. Let y(p) = -x*p**2 - 3 + 4*p**3 - 4*p**2 - p**2 - 8*p - 5*p**3. What is the remainder when 6 is divided by y(-7)?
2
Suppose 11*d + 7*d = 72. Suppose -u - 16 = u. What is the remainder when 9 is divided by 10/d*(-6 - u)?
4
Suppose 0 = -2*h - 6, -2*z - 20*h + 15*h + 95 = 0. Suppose -2*l = l. Suppose l = -i - 0*i + 14. Calculate the remainder when z is divided by i.
13
What is the remainder when 238 is divided by (-66)/(-44) + 19/2?
7
What is the remainder when 189 is divided by 2*-2 + (-1)/((-3)/129)?
33
Let y = 97 + -93. Suppose 8 = 4*z - 2*q, -5*z + y + 4 = -3*q. What is the remainder when z is divided by 2?
0
Let d = -57 - -3. Calculate the remainder when ((-96)/(-36))/((-2)/d) is divided by 19.
15
Suppose 100*u - 3434 = 66*u. What is the remainder when u is divided by (-2)/2*(-34)/1?
33
Let g(a) = -a**3 + 17*a**2 + 119*a - 6. Suppose -j + 17 = u, -3*u + 83 = -2*j + 7*j. What is the remainder when g(-6) is divided by j?
12
Let d = 0 - -2. Let r be 2/d*(-3)/(-3). Suppose -15 + r = -2*a. What is the remainder when 12 is divided by a?
5
Let o(q) = 3*q**2 - 5*q - 5. Suppose -3*i + 14 = 5*g, 0 = -3*i + 7*i - g - 11. Calculate the remainder when 60 is divided by o(i).
4
Let k = 421 + -391. Suppose -m = m - 16. What is the remainder when k is divided by m?
6
Suppose 0 = -447*d + 436*d + 99. Calculate the remainder when (-2)/(1/(62/(-4))) is divided by d.
4
Let w be (-706)/(-8) - 3/(-4). Suppose 8*g - w - 111 = 0. Calculate the remainder when g is divided by 13.
12
Suppose 192*j = 195*j - 480. Calculate the remainder when j is divided by 78.
4
Let n = -843 - -852. What is the remainder when 231 is divided by n?
6
Suppose -3*f + 4*o + 176 = -116, -3*o = 3*f - 327. What is the remaind